 9. Let d(h) = -9*c(h) + 4*y(h). Calculate d(-4).
-9
Suppose 0*d - d = 6. Let t(a) = 5*a**2 + 4*a + 1. Let q(r) = 11*r**2 + 7*r + 3. Let u(v) = 4*q(v) - 9*t(v). Give u(d).
15
Let u(y) = 11*y - 27. Let j be u(2). Let s(p) = -p**3 - 5*p**2 + 2*p + 8. Give s(j).
-2
Let q(z) = -6*z + 8. Let s(f) = 2*f - 3. Let w(i) = 6*q(i) + 17*s(i). Let p(b) = -2*b**2 - 9*b + 1. Let r be p(-5). Calculate w(r).
5
Let c(n) = -2*n**2 + n + 11. Suppose -4*l + d = 3*d - 26, -4*d + 27 = 3*l. Determine c(l).
-34
Suppose 7*f - 5*l + 25 = 2*f, 5*f = 3*l - 25. Let n(s) be the first derivative of 1/2*s**2 + 11 + 7*s. Determine n(f).
2
Let y(l) = l**2 - 6*l + 3. Let o(f) = -f**2 + 7*f - 4. Let r(p) = 5*o(p) + 6*y(p). Let b = 3 - 10. Let d = b + 9. Determine r(d).
0
Let z(q) = q**2 - 7*q + 3. Let t(l) = -l**3 + l**2. Let h be t(0). Suppose 5*m + 3*k = 2*k - 53, h = k + 3. Let f be (4/m)/(9/(-135)). What is z(f)?
-3
Let o be (-13 + 13)/(0 + 4). Suppose o = -3*k + 10 + 5. Let m(f) = f**3 - 5*f**2 + f + 4. Give m(k).
9
Let i = 8965 + -8967. Let m(q) = -2*q + 6 - 3 - 5. Determine m(i).
2
Let z(n) = -4*n**2 - 7*n + 5. Let p(c) = -3*c + 3*c + 10*c + 6*c**2 - 7. Let w(o) = 5*p(o) + 7*z(o). Let r(y) = 4*y + 18. Let k be r(-5). Calculate w(k).
6
Let d(a) = 4*a**2 - 3*a - 3. Let b be (3/2)/(6/28). Suppose 15 = -b*r + 4*r. Let w(h) = 3*h**2 - 2*h - 2. Let i(v) = r*w(v) + 4*d(v). Determine i(3).
1
Let y(r) = r**3 - 2*r**2 - 4*r + 4. Let u(n) = n**3 - 15*n**2 + n - 12. Suppose 75 = 7*q - 2*q. Let a be u(q). Calculate y(a).
1
Suppose -c - 4 = -3*c. Let q(n) = 4*n - n - 119*n**c + 120*n**2 - 2. Determine q(-5).
8
Let r(d) be the third derivative of -d**6/120 - d**5/15 - d**4/6 - d**3/3 + 5*d**2. Let x = 58 + -50. Suppose 6*a - 4 = x*a. Give r(a).
-2
Let u = 393 + -397. Let i(b) = -3*b**2 - 7*b - 5. Determine i(u).
-25
Let u(p) be the third derivative of p**6/120 - p**5/15 - p**4/6 - p**3/6 - 4*p**2 - 4. Suppose 4*b - 2*y + 0*y - 26 = 0, -5*y - 10 = b. Determine u(b).
4
Suppose -4*m + 2*s + 80 = 0, 6 = 2*s - 2. Let b(o) = 29*o - m*o + 2 - 3. Determine b(-1).
-8
Let h(a) = -2*a - 3. Let r = -46 + 41. Let z be -1 + r/(-5) + (-3)/1. Give h(z).
3
Let o(w) = w**2 - 1. Let r(l) = -4*l**2 - 2*l + 6. Let b(p) = -3*o(p) - r(p). Let m be b(1). Let i(c) = -c**2 + c - 2. Calculate i(m).
-2
Let v(k) = 2*k**2 + 14*k + 28. Let q(a) = -3*a**2 - 21*a - 42. Let n(j) = -5*q(j) - 8*v(j). What is n(-6)?
-8
Let j = -42 - -34. Let m(r) = r**3 + 7*r**2 - 9*r - 1. Give m(j).
7
Let l(k) = k**2 + 3*k - 1. Let m(c) = -c**2 - 2*c + 1. Let p(b) = -3*l(b) - 5*m(b). Determine p(-2).
4
Let x = 11 + -7. Let v(z) = -6 - z - 2 + x. Calculate v(-5).
1
Let t(c) = c - 3. Suppose 0 = -3*o + 2*u - 1 - 1, 2*o + 2*u = 2. Suppose o*z = 3*z. Let l be z*-4*(-4)/32. What is t(l)?
-3
Let b = 5 - 3. Let w be -4 - (-1 - (0 - b)). Let z(r) = r**3 + r**2 + 7*r - 1. Let v(y) = y**3 + 9*y. Let i(d) = -4*v(d) + 5*z(d). Give i(w).
0
Let s(h) = h**2 + 5*h - 5. Suppose 0 = -3*n + 5*g - 16, 18*n - g = 22*n + 29. Calculate s(n).
9
Let s(o) = o**2 - o. Let m(n) = n**2 + 9*n + 21. Let t(x) = -m(x) + 2*s(x). Let g be t(13). Let h(w) = -w - 7. What is h(g)?
-12
Let i(r) be the second derivative of -r**4/12 - 7*r**3/6 - 7*r**2/2 - 3*r + 2. Suppose 3*m = 7*m + 24. What is i(m)?
-1
Let i be ((-10)/(-4))/((-15)/(-12)). Suppose -21 = -4*u + o, -4 = -u - i*o - 1. Let y(s) = u + 0 - s - 1. What is y(5)?
-1
Let w(b) = -14*b. Let z be 1/(-1)*5 + 9/3. Give w(z).
28
Let o = 95 + -92. Let t(f) = f + 2 + f**2 + 2*f + f**o - 3*f. Let l(c) = -c**3 - 3*c**2 + 5*c + 4. Let s be l(-4). Determine t(s).
2
Let p be (-23 + 10 - -16) + -7. Let a(c) = c**2 + 3*c + 1. Determine a(p).
5
Let p(u) = 13*u + 1 - 10*u - 4 - 3*u - 2*u. Let t(v) = -v**2 - 7*v + 5. Let j be t(-8). What is p(j)?
3
Let x(p) = -p**3 - 4*p**2 + 7*p + 8. Let j be x(-5). Let q(v) = -18*v - 9. Let d(h) = 9*h + 4. Let k(s) = 5*d(s) + 2*q(s). What is k(j)?
-16
Suppose -11 = -5*p - 8*n + 7*n, p = 5*n - 3. Let s(d) = -6*d**2 + 2. Determine s(p).
-22
Suppose 3*k - 2*q = 2*q - 22, 4*k = 2*q - 36. Let v be (12/k - 4/(-20))*-3. Let j(t) = t**2 - 3*t + 2. Calculate j(v).
2
Suppose 0 = -129*g + 136*g + 28. Let s(i) = -i. Determine s(g).
4
Suppose -4*p + p = -2*y - 8, 0 = 4*p + 5*y + 20. Suppose 0 = -p*l - 2*l + 4. Suppose -l = -o - 6. Let f(z) = z**2 + 2*z - 3. Determine f(o).
5
Let z(d) = -45 + 140*d - 136*d + 20 + 22. Determine z(2).
5
Let n(v) = v**2 - 10*v - 5. Suppose -5*c - 15 = 0, -2*c + 4 + 1 = s. Let q be n(s). Let t be (0 - 12)*3/q. Let l(b) = b**3 + 7*b**2 + 5*b + 7. Give l(t).
13
Let l(a) be the second derivative of a**4/12 + 7*a**3/3 + a**2/2 - 125*a. Determine l(-15).
16
Let h(t) = -2 - 9*t**2 - 6*t + t**3 + 3*t**2 + 12*t. Let s be h(5). Suppose 0 + 6 = -s*w. Let d(c) = -2*c**2 - 2*c + 2. Determine d(w).
-2
Let c(i) = 41*i**2. Let z be c(1). Suppose 5*w - 3*r + 9 = z, 3*w = 3*r + 24. Let h(d) = -40*d - 37*d - d**2 + 2 + 82*d. Give h(w).
6
Let g(b) = -16*b + 20. Let h(n) = -6*n + 5. Let u(y) = 5*g(y) - 14*h(y). Give u(-9).
-6
Let l(d) be the third derivative of -5*d**4/24 + d**3/6 - 7*d**2 - 4. Give l(3).
-14
Let s(n) = -n**3 - 133808 + 133808 - 2*n**2 - n. Let g(k) = -k**2 - 4*k - 4. Let i be g(-3). What is s(i)?
0
Let z(n) be the third derivative of 1/3*n**3 - 2*n**2 + 1/40*n**5 + 1/12*n**4 + 0*n + 0. Let i(u) be the first derivative of z(u). Give i(-5).
-13
Let o be (-6)/2 + 3 + 300. Suppose -g + o = -4*d, d + 0*d - g = -75. Let c be (-2)/(-8) - d/(-12). Let t(f) = f**2 + 6*f - 2. What is t(c)?
-2
Let c be 4/(-6) + 8/(-6). Let g(k) = -2 + 2 + 5 + k + k**2 - 4. Let b(n) = n**3 + 3*n**2 + 3*n + 7. Let y(h) = c*g(h) + b(h). What is y(0)?
5
Suppose 2*m + 19 = 3*z - 0*m, 4*z - m - 17 = 0. Let n(s) = -s + 114*s**3 - 1 - 5*s**2 - z - 115*s**3. Give n(-4).
-16
Let b(i) = 5*i**3 - i. Suppose -43*s - 101 + 15 = 0. What is b(s)?
-38
Let t(x) = 3*x**3 - x**2 + 7*x + 5. Let n(j) = 16*j**3 - 9*j**2 + 36*j + 25. Let p(h) = -2*n(h) + 11*t(h). What is p(-7)?
-30
Suppose 0 = s + 8. Suppose -5*o = -10, 8 - 20 = -5*f - o. Let b(r) = -31*r**3 + f*r - 11 + 4*r + 30*r**3 - 7*r**2. Calculate b(s).
5
Let t = 141 + -66. Let f(u) = 31*u - t*u - 3 + 40*u + u**2. Determine f(6).
9
Let l(w) be the first derivative of -w + 5 + 1/2*w**2. Give l(3).
2
Suppose 2 = -3*s - 13. Let d be (-4)/(-20) + (-24)/s. Let j(i) = i - 5. Let u(p) = 2*p - 9. Let o(r) = 5*j(r) - 3*u(r). What is o(d)?
-3
Suppose -47 + 42 = -x. Let c(m) = -m**2 + 4*m + 5. What is c(x)?
0
Let o(y) = 2*y + 10. Suppose 17*q = 16*q - 5*l + 14, 0 = 2*q + 4*l - 4. Determine o(q).
-2
Let a(u) be the third derivative of -u**4/6 + u**3/3 - 91*u**2. Calculate a(4).
-14
Let t(j) = j**3 + 3*j**2 + j + 1. Let x(m) = -4*m**3 - 20*m**2 - 4*m - 13. Let v(a) = 5*t(a) + x(a). Determine v(5).
-3
Suppose -t + 6*t - 20 = 0. Suppose 5*o - 12 = 4*u + 3*o, -o = t*u + 18. Let r be -4 - 0 - u - 5. Let m(n) = n - 2. What is m(r)?
-7
Let w(g) = 5*g + 2*g**2 - 48 + 47 - 3*g**2. Determine w(5).
-1
Let y(l) = 3*l. Let a(p) be the third derivative of p**4/6 - 13*p**2. Let x(r) = 2*a(r) - 3*y(r). Give x(0).
0
Let g = 3 - -2. Let o(c) be the first derivative of 5/3*c**3 + 5*c - 1/4*c**4 + 11 + 0*c**2. Calculate o(g).
5
Let o = 19 + -15. Suppose 0*f + 4*f = -4*d + 96, -74 = -3*d - o*f. Suppose -5*n - d = 3. Let x(h) = -3*h - 4. Calculate x(n).
11
Let v(a) = -3*a**2 + 13*a - 5. Let z(c) = -2*c**2 + 7*c - 2. Suppose -x + 5 = 0, 0*r - 3*x + 5 = 2*r. Let u(j) = r*z(j) + 3*v(j). Let w = -3 + -1. Give u(w).
-5
Let r(t) = t**3 + 5*t**2 - 9*t - 5. Let a = 36 + -47. Let q be (-31)/11 - (-2)/a - 3. Give r(q).
13
Let x(q) = -q - 5*q + 3 + 1 - 5. Let n = 17 + -17. Suppose -4*c + j - 1 = n, c - 6*c = -3*j + 10. What is x(c)?
-7
Let x(i) = i**2 + i. Suppose 10*f = 5*f + 145. Let m = f + -7. Let z be (-2)/(-10) + m/(-10). Determine x(z).
2
Let b = 4 + -2. Suppose -y = 3*m - 9, y = 4*y - m + 3. Suppose -b*u = -y*u + 2. Let g(c) = -c + 1. Determine g(u).
2
Suppose 2*t + 14 = -2*t + 2*d, -4*t - 16 = -4*d. Let g(s) = s**3 - 13*s**2 + 14*s - 7. Let z be g(12). Let i(n) = -35*n + 16*n + z*n. Give i(t).
6
Suppose -1 = 2*d + 1. Suppose -45 - 15 = -5*p. Let g(r) = -3*r**2 + p*r - 11*r + 4*r**2. Give g(d).
0
Let b(l) = -l**2 - 9*l - 1. Let f be 1/(9/54) - 12. Give b(f).
17
Let t(q) = -q**2 - 10*q - 12. Let n(r) = -r**3 + 6*r**